8?
True
Is 3 a factor of 2916?
True
Is 18610 a multiple of 10?
True
Is 49 a factor of 1197?
False
Is 2 a factor of 2206?
True
Does 3 divide 4783?
False
Is 38532 a multiple of 169?
True
Is 1913 a multiple of 21?
False
Does 8 divide 112?
True
Does 38 divide 2770?
False
Is 14 a factor of 47740?
True
Does 43 divide 12728?
True
Is 957 a multiple of 11?
True
Does 16 divide 6224?
True
Is 28 a factor of 290?
False
Does 22 divide 771?
False
Is 1184 a multiple of 37?
True
Is 197 a factor of 10071?
False
Is 52 a factor of 416?
True
Is 29 a factor of 1428?
False
Is 960 a multiple of 15?
True
Is 1053 a multiple of 3?
True
Is 225 a factor of 7876?
False
Does 41 divide 17179?
True
Is 77 a factor of 1101?
False
Is 31 a factor of 2029?
False
Does 2 divide 147?
False
Is 23440 a multiple of 20?
True
Does 34 divide 49096?
True
Does 12 divide 5268?
True
Is 363 a multiple of 15?
False
Does 17 divide 867?
True
Is 45 a multiple of 45?
True
Is 19 a factor of 380?
True
Is 6402 a multiple of 97?
True
Is 10 a factor of 3540?
True
Is 4 a factor of 7316?
True
Does 25 divide 900?
True
Is 42957 a multiple of 9?
True
Is 9 a factor of 499?
False
Is 373 a multiple of 29?
False
Is 109 a factor of 1438?
False
Is 784 a multiple of 10?
False
Does 6 divide 902?
False
Is 10 a factor of 11270?
True
Does 12 divide 359?
False
Does 66 divide 513?
False
Is 4 a factor of 501?
False
Is 68 a factor of 9248?
True
Is 11 a factor of 572?
True
Is 81 a factor of 648?
True
Is 7 a factor of 1533?
True
Does 11 divide 231?
True
Does 50 divide 4527?
False
Is 42 a factor of 13394?
False
Is 1350 a multiple of 9?
True
Is 302 a multiple of 16?
False
Does 53 divide 3040?
False
Is 12 a factor of 2339?
False
Is 31 a factor of 488?
False
Does 37 divide 703?
True
Is 434 a multiple of 32?
False
Is 955 a multiple of 22?
False
Is 2294 a multiple of 31?
True
Is 24 a factor of 936?
True
Is 7055 a multiple of 65?
False
Is 690 a multiple of 10?
True
Does 35 divide 195?
False
Does 47 divide 7802?
True
Is 10 a factor of 6570?
True
Is 10939 a multiple of 19?
False
Is 10070 a multiple of 5?
True
Is 55187 a multiple of 128?
False
Does 7 divide 378?
True
Is 2 a factor of 8?
True
Does 141 divide 22276?
False
Is 34 a factor of 2033?
False
Is 3053 a multiple of 60?
False
Is 4 a factor of 5710?
False
Does 70 divide 12740?
True
Is 306 a factor of 172584?
True
Is 68521 a multiple of 15?
False
Is 156 a factor of 21372?
True
Does 18 divide 34312?
False
Is 14 a factor of 1610?
True
Is 8 a factor of 149?
False
Is 3886 a multiple of 41?
False
Is 17410 a multiple of 137?
False
Does 272 divide 93296?
True
Is 650 a multiple of 5?
True
Is 83 a factor of 7553?
True
Is 11 a factor of 93654?
True
Is 30 a factor of 43080?
True
Does 6 divide 200?
False
Does 31 divide 18078?
False
Is 3018 a multiple of 18?
False
Is 1044 a multiple of 16?
False
Is 792 a multiple of 36?
True
Is 18 a factor of 98505?
False
Does 19 divide 13218?
False
Is 1379 a multiple of 19?
False
Does 4 divide 68?
True
Does 147 divide 7362?
False
Is 3150 even?
True
Is 24 a factor of 8448?
True
Is 3002 a multiple of 12?
False
Is 38813 a multiple of 8?
False
Does 99 divide 11516?
False
Does 18 divide 24446?
False
Is 34 a multiple of 7?
False
Is 14432 a multiple of 88?
True
Is 8 a factor of 2320?
True
Is 6 a factor of 2156?
False
Is 1985 a multiple of 35?
False
Is 69 a factor of 3054?
False
Is 2669 a multiple of 17?
True
Is 139 a multiple of 3?
False
Is 7 a factor of 2412?
False
Is 58 a multiple of 6?
False
Is 7231 a multiple of 22?
False
Does 4 divide 476?
True
Is 3 a factor of 178?
False
Is 6 a factor of 14496?
True
Does 95 divide 95?
True
Is 53 a factor of 49131?
True
Is 46 a factor of 27500?
False
Is 6628 a multiple of 33?
False
Is 1752 a multiple of 12?
True
Is 91 a factor of 455?
True
Is 67554 a multiple of 81?
True
Does 209 divide 14439?
False
Is 1823 a multiple of 14?
False
Does 12 divide 3384?
True
Does 5 divide 674?
False
Is 19 a factor of 29165?
True
Does 5 divide 89?
False
Is 93198 a multiple of 294?
True
Does 10 divide 550?
True
Is 1529 a multiple of 5?
False
Is 9 a factor of 3096?
True
Does 109 divide 33171?
False
Is 91 a factor of 11387?
False
Does 20 divide 94241?
False
Is 12 a factor of 1617?
False
Does 93 divide 1302?
True
Does 5 divide 14?
False
Is 126 a factor of 3781?
False
Does 43 divide 172?
True
Does 5 divide 58?
False
Does 209 divide 14212?
True
Is 10 a factor of 19?
False
Is 76 a factor of 7068?
True
Does 20 divide 5277?
False
Is 19 a factor of 295?
False
Is 5 a factor of 316?
False
Is 2016 a multiple of 96?
True
Is 2677 a multiple of 9?
False
Is 10 a factor of 20268?
False
Does 16 divide 2400?
True
Is 108 a multiple of 18?
True
Is 20559 a multiple of 7?
True
Is 11556 a multiple of 44?
False
Is 17 a factor of 3417?
True
Is 4 a factor of 203?
False
Does 2 divide 44?
True
Does 57 divide 627?
True
Is 51 even?
False
Is 25 a factor of 65437?
False
Is 4992 a multiple of 64?
True
Is 15975 a multiple of 75?
True
Does 114 divide 45534?
False
Does 242 divide 40898?
True
Is 44 a factor of 18568?
True
Is 8190 a multiple of 7?
True
Is 800 a multiple of 80?
True
Does 12 divide 1128?
True
Does 7 divide 14871?
False
Does 16 divide 1146?
False
Does 19 divide 1311?
True
Is 6988 a multiple of 13?
False
Is 21 a factor of 714?
True
Does 32 divide 5056?
True
Is 1275 a multiple of 5?
True
Is 54 a factor of 5130?
True
Is 31 a factor of 26362?
False
Does 21 divide 33810?
True
Is 92 a factor of 932?
False
Is 15350 a multiple of 50?
True
Is 180 a multiple of 6?
True
Is 4 a factor of 223?
False
Is 14060 a multiple of 10?
True
Is 27 a factor of 2484?
True
Is 25 a factor of 291?
False
Is 243 a multiple of 27?
True
Is 3480 a multiple of 20?
True
Is 83092 a multiple of 69?
False
Is 20426 a multiple of 19?
False
Is 688 a multiple of 20?
False
Does 20 divide 3220?
True
Does 47 divide 4414?
False
Is 10 a factor of 368?
False
Does 46 divide 9154?
True
Does 251 divide 28363?
True
Is 11 a factor of 1748?
False
Is 66 a factor of 3168?
True
Does 27 divide 5080?
False
Does 59 divide 2793?
False
Does 9 divide 751?
False
Does 56 divide 8512?
True
Is 292 a multiple of 22?
False
Is 1554 a multiple of 74?
True
Is 17 a factor of 34?
True
Is 789 a multiple of 3?
True
Is 122 a multiple of 95?
False
Does 39 divide 924?
False
Is 26 a factor of 3900?
True
Does 46 divide 476?
False
Is 4 a factor of 2764?
True
Is 128 a factor of 8320?
True
Is 6 a factor of 11399?
False
Is 9 a factor of 656?
False
Is 56421 a multiple of 91?
False
Is 114 a factor of 2280?
True
Is 108 a factor of 11276?
False
Is 38 a factor of 576?
False
Is 39 a factor of 577?
False
Is 627 a multiple of 19?
True
Is 6805 a multiple of 15?
False
Is 2888 a multiple of 152?
True
Is 43 a factor of 344?
True
Is 10 a factor of 627?
False
Is 5181 a multiple of 104?
False
Is 296 a multiple of 8?
True
Does 14 divide 80346?
True
Is 4059 a multiple of 41?
True
Is 4 a factor of 13272?
True
Does 19 divide 361?
True
Is 47216 a multiple of 13?
True
Is 705 a multiple of 22?
False
Is 9 a factor of 374?
False
Is 5565 a multiple of 35?
True
Is 43 a factor of 1830?
False
Does 5 divide 13615?
True
Is 68 a factor of 1904?
True
Does 20 divide 580?
True
Is 6717 a multiple of 11?
False
Is 148 a factor of 10064?
True
Is 66045 a multiple of 37?
True
Does 13 divide 17792?
False
Is 4 a factor of 3044?
True
Does 31 divide 527?
True
Does 29 divide 4161?
False
Is 150 a factor of 7155?
False
Is 33 a factor of 5248?
False
Is 108 a factor of 34344?
True
Does 10 divide 11454?
False
Is 221 a multiple of 17?
True
Does 42 divide 3864?
True
Is 18051 a multiple of 33?
True
Does 2 divide 6256?
True
Is 33 a factor of 1584?
True
Is 20 a factor of 4199?
False
Does 67 divide 4422?
True
Is 3696 a multiple of 21?
True
Is 137 a multiple of 3?
False
Does 25 divide 18575?
True
Is 85 a factor of 40970?
True
Is 31 a factor of 216?
False
Is 499 a multiple of 4?
False
Is 21 a factor of 12919?
False
Is 9 a factor of 2209?
False
Is 104 a factor of 4244?
False
Does 31 divide 165344?
False
Is 21310 a multiple of 16?
False
Is 20 a factor of 120120?
True
Does 19 divide 16455?
False
Is 4906 a multiple of 118?
False
Is 65 a factor of 19695?
True
Does 15 divide 65415?
True
Does 71 divide 12354?
True
Does 18 divide 10980?
True
Is 960 a multiple of 16?
True
Is 11 a factor of 18194?
True
Is 148 a factor of